10). Let r = m - -6. What is the units digit of r?
2
Suppose -7*a = -6*a - 47. What is the tens digit of a?
4
Suppose 0 = 5*f + 3*p - 10, -2*f + 2*p + 3 = -17. What is the units digit of f?
5
Suppose 3*z + 0 = 3, 0 = 2*s - 3*z + 7. Let b = 0 - s. Suppose 2*p - 11 = -0*m + 3*m, -p = b*m - 23. What is the tens digit of p?
1
Let y(j) be the first derivative of -j**4/4 + 4*j**3 - 11*j**2/2 + 2*j - 2. What is the units digit of y(11)?
2
Let j = 0 + -2. Let v be (14/3)/((-6)/(-9)). Let a = v + j. What is the units digit of a?
5
What is the units digit of (-930)/(-40) - 1/4?
3
Let v = -14 - -22. Suppose -v*q + 3*q + 130 = 0. What is the tens digit of q?
2
Suppose 2*x + 3*x = 0. Let u = 2 - 2. What is the units digit of (7 - u)*(1 - x)?
7
Let t = 2 - 1. Suppose 0 = 5*g, -t + 4 = 3*s + 4*g. What is the units digit of s?
1
Let u(q) = q**2 + 10*q + 11. Let m be u(-9). Suppose -3*s + 5*z + 49 = 12, -m*s - 2*z - 2 = 0. What is the units digit of s?
4
Let p(u) = u**3 + 3*u**2 - 5*u - 4. What is the tens digit of p(4)?
8
Let u(a) = a**3 + 5*a**2 - 8*a - 8. Let b(t) = t**2 + 4*t. Let y be b(-4). Suppose 18 = -3*f - y. What is the units digit of u(f)?
4
Let c = 8 - -24. What is the tens digit of c?
3
Let j(p) = p**3 - 3*p**2 - 4*p + 4. Let r be j(4). Suppose -n + 65 = r*n. What is the tens digit of n?
1
Let a(v) = v**2 + 5*v - 1. Let m be a(-5). Let t = -1 + 1. What is the tens digit of (4 + m)*(4 - t)?
1
Suppose 0 = -4*c + 2*m + 504, -3*c - 178 = -3*m - 556. What is the hundreds digit of c?
1
Let j be (-1)/5 - (-12)/10. Suppose j = 2*i - 1. What is the units digit of (1 - 0) + i + 2?
4
Let m be 1 + (1 - -2) - 0. Let f(t) = -t**2 + 7*t - 5. What is the units digit of f(m)?
7
Suppose i - 192 = -3*b - b, -3*i + 555 = 5*b. What is the tens digit of i?
8
Suppose 0 = 5*r - 15, 0 = -2*h - 0*r + 5*r - 11. Let g(c) = 4*c**h - 7*c - c**3 + 3*c + c + 1. What is the units digit of g(2)?
3
Let y(f) = f**2 - 4*f - 6. Let o be -5*2/(5 - 3). What is the tens digit of y(o)?
3
Let t = -20 - -29. Suppose 0*y = 3*y + t. What is the tens digit of (-2)/y*(-99)/(-6)?
1
Suppose 3*s + 5*j - 181 = 0, 2*j + 3*j = -s + 47. What is the tens digit of s?
6
Suppose -25*l + 24*l = -398. What is the hundreds digit of l?
3
Suppose 0 = -2*w + 28 + 30. What is the units digit of w?
9
Let s(u) = -u**3 - 6*u**2 - u - 1. Let z be s(-5). Let d = 1 - z. What is the units digit of d?
2
Let m be (-4 + 3)*(0 - -1). What is the tens digit of 4*3 + 1 + m?
1
Suppose 4*a + 4*q = 16, -q = 2*a - 6*a + 16. What is the units digit of 12/9*18/a?
6
Suppose 6 = -0*d + 3*d. Suppose 2*n - d*y = -8, -4 + 2 = 3*n - y. Let b(i) = 2*i. What is the units digit of b(n)?
2
Let a(z) = z**2 + 4*z - 5. Let o be a(-5). Suppose 2*b - 37 = -5*p + 4*p, o = -p - 5*b + 31. What is the tens digit of p?
4
Let h = -133 - -229. What is the tens digit of h?
9
Suppose 3*w - 2*w = 5. Suppose -4*v = -15 + 7, w*v - 2 = 4*g. Suppose -4*y = -k - 8, -7*k - 4 = -g*y - 2*k. What is the units digit of y?
2
Suppose 2*a = -5*t + 163, 2*t + 3*a - 28 = 35. What is the units digit of t?
3
Let i(u) = u + 4. Let a be i(0). Let h be a/(-6) - 985/(-15). Suppose h = -2*l + 7*l. What is the units digit of l?
3
Suppose -3*q - 63 = -15. Let c = q - -28. What is the tens digit of c?
1
What is the hundreds digit of -9*(-208)/12 + 2?
1
Suppose -3*z = 20 - 8. Let d = z - -6. Suppose -d*u + 11 = -p, -4*u + 2*u + 16 = -2*p. What is the units digit of u?
3
Suppose 25*b = 31*b - 816. What is the hundreds digit of b?
1
Suppose -13*y + 12*y = -74. What is the units digit of y?
4
Suppose 4*s = 3*s + 41. What is the units digit of s?
1
Let b(y) = y**2 + 2*y + 1. Let h be b(-2). Suppose 5 = 3*m - h. Suppose -m*x + 2 = -2*a, x - 3*a + 5 + 4 = 0. What is the units digit of x?
6
Let i be (-7)/((-14)/12) + -2. Let z be 2/(-8) + 2/8. Suppose 24 = -t + 5*n, i*n - 17 = 3*t - z*t. What is the units digit of t?
1
Let x be -5*(0 + (-48)/(-10)). Let s = 82 - 39. Let n = s + x. What is the tens digit of n?
1
Let f(m) = m**3 + m + 1. Let x be f(-1). Let j be 2/((-3)/2 - -2). Let g = x + j. What is the units digit of g?
3
Suppose 2*n + k = -k + 14, 0 = -k + 3. Suppose -56 = -0*d - n*d. What is the tens digit of d?
1
Let d = 2 - 0. Suppose s = d + 3. Suppose 4 = s*m - 11. What is the units digit of m?
3
Let q be 11*(1 - (1 - 1)). Suppose 0*d = 5*d + 25. Let u = d + q. What is the units digit of u?
6
Let o = -183 - -323. What is the hundreds digit of o?
1
Let b = -49 + 76. What is the units digit of b?
7
Suppose 4*x = 558 + 274. What is the tens digit of x?
0
Let t = -75 + 137. What is the tens digit of t?
6
Let z = 28 - 25. Let t be (-5)/(1 + 5/(-4)). Suppose 0 = -d + g + t, -2*d - z*g = -d. What is the tens digit of d?
1
Let k be ((-36)/(-45))/(1/5). Suppose -5*c + 5*f + 20 = 0, k*f + 4 = 5*f. What is the units digit of c?
8
What is the tens digit of -1 + (-184)/12*-6?
9
Suppose 0 = -0*b - 5*b + 4*u - 13, 0 = -4*b - u - 2. Suppose -2*w + 18 = -5*w - 5*l, -4*l = 0. Let c = b - w. What is the units digit of c?
5
Suppose -b = 2*b. What is the units digit of (8 - b)/(8 + -6)?
4
Suppose 4*t - 6 = 6. Suppose 5*p - t*m = 93, -4*p = p + 2*m - 88. Suppose -p = -h - 4. What is the tens digit of h?
1
Let l = -220 - -399. What is the units digit of l?
9
Suppose 0 = -9*y + 383 + 247. What is the units digit of y?
0
Suppose -10 = -u + j, 5*u - j - 2*j = 46. Suppose -2*d + 4*d = u. What is the units digit of d?
4
Suppose -2*m = -2*t + 2, -3*t - t + m + 16 = 0. Suppose -f - t*n + 13 = 2*f, -5*n = 4*f - 14. What is the units digit of f?
1
Let u(w) = -w**2 + 5*w + 4. Let d be u(6). Let s = d - -4. What is the units digit of s?
2
Suppose -2*s - p + 23 = 0, -3*s + 28 + 8 = 3*p. What is the tens digit of s?
1
Suppose -2*u + k = -1, -4 - 11 = -3*k. Suppose 0 = u*y - 8*y + 90. What is the units digit of (y/(-12))/((-6)/28)?
7
Suppose r + 2*r - 5*l = 30, 2*r = 5*l + 25. Suppose 0 = r*q - 5, -4*f = -4*q - q - 71. What is the tens digit of f?
1
Suppose 0 = 16*v - 14*v - 218. What is the units digit of v?
9
Let q(g) = -g**3 + 6*g**2 + 4*g - 4. What is the tens digit of q(5)?
4
Let l(v) = -v - 5. Let s = -12 - -6. Let j be l(s). What is the units digit of (2/1)/(j/4)?
8
Suppose 3*s = -0*s + 36. What is the units digit of s?
2
Let n(k) be the second derivative of -k**3/3 - 3*k**2/2 + 11*k. Let t be (10/(-4))/((-1)/(-2)). What is the units digit of n(t)?
7
Let w(j) = 20*j**3 - 3*j**2 - 3*j + 3. Let q(h) = 13*h**3 - 2*h**2 - 2*h + 2. Let b(n) = -7*q(n) + 5*w(n). What is the units digit of b(1)?
8
Let t = 26 - 22. What is the units digit of 1840/64 + 1/t?
9
Suppose b = 5 - 4. Let i be (13*(-1 + 2))/b. Suppose 5*g + 46 = 3*k, 4*k - 3*g + 6*g - i = 0. What is the units digit of k?
7
Let h be (-1 + 3)*2*-1. Let j be (1 - 2)/(h/20). Suppose -6 = 3*u + w - 71, -3*w + 111 = j*u. What is the units digit of u?
1
Let u(i) = 6*i**2 - 6*i + 9. What is the hundreds digit of u(6)?
1
Let p(m) be the first derivative of 14*m**3/3 + 4. What is the units digit of p(1)?
4
Suppose -15 = -5*k + 5*v, -3*k + 10 = 3*v - 5. What is the tens digit of ((-2)/k)/((-4)/104)?
1
Let d = 22 + -14. Suppose 5*q = d + 27. What is the units digit of q?
7
Let q(r) = -5*r - 1. Let o(x) = -5*x - 1. Let f(m) = -4*o(m) + 3*q(m). What is the units digit of f(6)?
1
Let i = -2 - -10. Suppose 0 = -i*j + 6*j + 4. Suppose -x + j*d - 3 + 14 = 0, 4*d + 12 = 0. What is the units digit of x?
5
Let w(t) = 2*t**2 + 4*t - 5. What is the units digit of w(-4)?
1
Let v(g) = -g**3 + 6*g**2 + 29*g + 7. What is the tens digit of v(8)?
1
Suppose -3*u - 371 = -10*u. What is the units digit of u?
3
Suppose -5*r = -5*g + g - 384, -g + 5*r = 111. What is the tens digit of (-4)/(-26) + (-1351)/g?
1
Let h(w) = 4*w - 13. Let z be h(9). Let j = z - 15. Let u(f) = -f**2 + 8*f + 2. What is the units digit of u(j)?
2
Suppose -3*p = -0*p + 12. Let i = p + 3. Let s = i + 6. What is the units digit of s?
5
Let k = 4 + -5. Let z(j) = -3*j**2 + 7*j + 1. Let q(h) = -4*h**2 + 8*h + 1. Let w(t) = -6*q(t) + 7*z(t). What is the units digit of w(k)?
3
Let p(n) = 2*n**2 - 3*n + 2. Let g(z) = 5*z**3 - 2*z**2 + 1. Let l be g(1). What is the units digit of p(l)?
2
Let a(b) = -2*b**3 - b**2 + 4*b + 5. Let n be a(-1). Let m be 1 - 1 - (1 - 5). What is the units digit of n/m*(-4 - -28)?
2
Suppose 4*n